 - 5*o**2 - 10*o - 22. Let m(q) = 7*h(q) - 5*z(q). What is the units digit of m(-4)?
1
Let n(c) = c**2 + c**2 + 4*c**2. Suppose 2*h + 5 = -3*h. What is the units digit of n(h)?
6
Let i(b) = b**2 - 1. Let k(f) = f**2 - 3*f + 4. Let o(x) = 2*i(x) - k(x). What is the units digit of o(4)?
2
Suppose -5*l - 25 = k - 0*k, 0 = -2*k - l - 5. Suppose h + 2*h - 75 = k. What is the tens digit of h?
2
Let p(a) = 2*a**2 - 2*a + 1. Suppose -3*m = -0*m + 9. What is the tens digit of p(m)?
2
Suppose -5*o + 28 = -247. What is the tens digit of o?
5
Let b(u) = 3*u + 7*u**2 - u - 5*u**2 - 3. Let g be b(2). Let f = g + -2. What is the units digit of f?
7
Let t be 2 + (-3)/(1 + -4). Suppose t*i = 13 + 17. What is the tens digit of i?
1
Let m = -89 - -95. What is the units digit of m?
6
Suppose 0 = n - 5*r - 17, r - 5*r = -8. Let y = -14 + n. What is the units digit of y?
3
Let f = -6 + 12. Let d(h) = -f*h**2 - 3 + 11 - h**3 - 7*h + h**3 + h**3. What is the units digit of d(7)?
8
Suppose -j + 6*p = 2*p - 78, -3*p = -5*j + 407. Suppose 4*i - j + 18 = 0. What is the tens digit of i?
1
Let u = -106 - -148. What is the units digit of u?
2
What is the tens digit of (-23 - -52)/(-2*(-1)/6)?
8
Let w = 0 + 64. What is the tens digit of w?
6
Let h be ((-8)/6)/((-5)/750). Suppose a = 6*a - h. What is the tens digit of a?
4
Suppose -h - 3*n + 11 = -2*n, 3*n = -4*h + 45. What is the units digit of h?
2
Suppose -2*o = -z - 37 + 12, 0 = -5*o - 4*z + 69. Let q = -12 + o. What is the units digit of q?
1
Suppose -5*q = i + 149, -136 = 4*q - 0*q + 5*i. What is the units digit of (-4)/4 + 5 - q?
3
Let y(z) = 6*z**2 - z. What is the units digit of y(-1)?
7
Suppose 0 = -c + 3*c - 6. Suppose -c*r + r = -34. What is the tens digit of r?
1
Let s(m) = -m**2 - m - 1. Let t(u) = u**3 + 4*u**2 - u. Let o(p) = 2*s(p) - t(p). Let q be o(-5). Let v = -13 - q. What is the units digit of v?
9
Suppose -5*o + 4*v = -26, -6*o + 2*o = 4*v + 8. Let s = o - -3. What is the units digit of s?
5
Let k(l) = -25*l. Let o(i) = -8*i. Let y(s) = 3*k(s) - 10*o(s). Let m be y(1). Suppose m*p = -2 - 3, -p = 3*x - 14. What is the units digit of x?
5
Suppose 4*x = 2*x + 14. Let v(y) be the first derivative of y**2/2 + 10*y + 13. What is the units digit of v(x)?
7
Let h = 39 + 10. What is the tens digit of h?
4
Let m be -8*2/(-8)*2. Suppose m*c + 13 + 27 = 3*g, 20 = 4*g + 3*c. What is the units digit of g?
8
Let c = -10 - -17. Let q(t) = 2*t**2 - 3. Let f be q(-3). Let m = f - c. What is the units digit of m?
8
Let p = 154 - 63. What is the units digit of p?
1
Let n(m) = -m**3 - 8*m**2 - 9*m - 6. What is the units digit of n(-7)?
8
Let y(c) = -c + 2. Suppose -2*a - 20 = -4*d, d + 3*a + 1 = 2*a. Let q be -6*(-2)/(-9)*d. What is the units digit of y(q)?
6
Suppose -3*a + u = a + 34, -2*a - 12 = 2*u. What is the units digit of (a/(-12))/(2/3)?
1
Let u be (-3)/(2 + 1) + 4. Let o(t) = 7 + 6*t + 6*t**2 + 4*t**3 - t**3 - 2*t**u. What is the units digit of o(-5)?
2
Suppose q = 4*q - 3*f - 12, 5*q = -2*f + 27. Let o be (1 - -2) + (-20)/2. Let z = q - o. What is the units digit of z?
2
Let j = -18 - -65. Let y = j - 32. What is the tens digit of y?
1
Suppose -m = -3*m + 10. Suppose 2*q = m*w - 3*q - 60, 0 = -5*w - q + 42. What is the units digit of w?
9
Let s(c) = 106*c**3 - c**2 + 4*c - 3. What is the tens digit of s(1)?
0
Suppose -y + 1 = -5*q + 4, -12 = 4*y + 2*q. Let h(a) = -2*a + 1. Let n be h(y). Suppose n*o - 4*o - 12 = 0. What is the units digit of o?
4
What is the hundreds digit of 465/3 + 12/(-3)?
1
Let f(z) = 2*z**2 + 12*z + 4. What is the tens digit of f(-9)?
5
Let s be 5*(-3 + 4 - 0). Suppose -3*f = 2 - 5, 0 = 4*k - s*f - 111. What is the tens digit of k?
2
What is the tens digit of (-261)/(-3) - (-1 + -1)?
8
Let o(h) = 16*h + 7. Let n be o(5). Suppose -3*z + f + 60 = -f, 0 = 4*z - 5*f - n. Suppose -4*d - z = -58. What is the tens digit of d?
1
Suppose 0 = -3*v + 5*v - 8. Suppose -v*q = -42 - 54. What is the tens digit of q?
2
Let u = 5 + 30. What is the units digit of u?
5
Let z = 13 - 8. Suppose -3*b - 10 = -k, -4*k + 18 = -z*b - 2*k. Let d = 3 - b. What is the units digit of d?
5
Suppose -207 = 3*u + 3*m, -2*m - 86 - 124 = 3*u. What is the tens digit of u/(-7) - (-10)/(-35)?
1
Let z = -27 + 40. Suppose 0 = -5*g + 3*g + s + 54, -g + z = 3*s. What is the units digit of g?
5
Let i = -12 + 0. Let l be 1/(-1*(-2)/i). Let a = -4 - l. What is the units digit of a?
2
Suppose -9 = -5*h - 59. Let a(q) = q**3 + 11*q**2 + 8*q - 8. What is the units digit of a(h)?
2
Let k(v) = -v**2 - 11*v + 15. Let l be k(-12). Let n = 21 + l. What is the tens digit of n?
2
Let f(n) = -22*n - 1. Let l be f(-4). Suppose 0 = 7*t - 7 - 28. Suppose t*y + 17 = l. What is the tens digit of y?
1
Suppose -d - 5*r + 49 = 0, 2*d + 3*r - 4*r = 65. What is the tens digit of d?
3
Suppose 150 = -7*u + 8*u. What is the hundreds digit of u?
1
Let m(x) = 5*x**3 + 12*x**2 - 4*x - 1. Let v(q) = -q**3 - q**2 + q + 1. Let b(y) = m(y) + 6*v(y). What is the units digit of b(6)?
7
Let q(g) = g - 1. Let f be q(4). Suppose -5 = j - 6*j, -f*h - 3*j + 27 = 0. What is the units digit of h?
8
Let h(o) = -o**3 - 5*o**2 + 5*o + 6. Let v be -4*(27/6)/3. What is the tens digit of h(v)?
1
Let f(q) = 39*q - 10. Let m be f(6). Suppose -2*h = 2*h - m. What is the tens digit of h?
5
Suppose -253 = -r + 4*b, 5*b = 4*r - 361 - 684. What is the units digit of r?
5
Let b(i) = -i**3 - 11*i**2 - i - 11. Let r be b(-11). Suppose r = -0*v + 3*v. Suppose -2*o + 8 = v, 5*x - 40 = 3*o - 7. What is the units digit of x?
9
Let n = -14 - -16. What is the units digit of n?
2
Let q(l) = l**2 - 7*l - 6. Let d be q(8). Suppose -6 + 40 = d*z. What is the tens digit of z?
1
Suppose -2*r + 116 = 2*r. Let p = r - 19. What is the units digit of 5/(p/(-4)) - -9?
7
Suppose 3*v = -3*z - 21, -6*z = -3*z. Let q = -14 + 2. Let o = v - q. What is the units digit of o?
5
Suppose -3*w + 99 = 3*a, w - 5*a - 21 = -2*a. What is the units digit of (4/(-5))/((-4)/w)?
6
Let t(u) = -u + 1. Let s be t(-3). Suppose 0 = -s*y - 4*q + 40, 12 = -0*q - 3*q. What is the units digit of y?
4
Let a = 35 + -21. What is the units digit of a?
4
Let g = 12 + 6. What is the units digit of g/((-3)/(18/(-4)))?
7
Let w = 140 + -88. What is the tens digit of w?
5
Let b = -22 + 68. What is the units digit of b?
6
Let f = 2 + -1. Suppose 0 = 2*c - f - 5. What is the units digit of c?
3
Suppose -24 = -4*b - 3*u, 13 = 3*b - 0*b + u. Let f(v) = v - v**2 - 3 + v**3 - b*v + 3*v**2. What is the units digit of f(-2)?
1
Let o(x) = x + 4. Let d be o(0). Suppose 0 = 4*s + s - 25. Suppose 0 = d*t - 3 - s. What is the units digit of t?
2
Let o(x) = 3*x - 23. Let r be o(17). Let v = -13 + r. What is the tens digit of v?
1
Suppose q + 106 = 5*t + 36, q = 3*t - 44. Let j = -63 - -63. Let k = t - j. What is the units digit of k?
3
Let t = -9 + 16. Suppose -k = -2*i + 3, -22 - t = -i - 5*k. Suppose i*m = 2*m - 4*a + 14, 3*a + 28 = 2*m. What is the tens digit of m?
1
Suppose b + 4*b + 5*v - 225 = 0, -b - 2*v + 49 = 0. What is the tens digit of b?
4
Let f(a) = 31*a + 2. Let r(o) = -15*o - 1. Let m(l) = 3*f(l) + 7*r(l). What is the tens digit of m(-3)?
3
Let x be -3 - (-11 + 4 + -1). Suppose 0 = x*z - 5*g - 25, 2*z - 11 = -3*z - 2*g. What is the units digit of z?
3
What is the units digit of (1/3)/((-4)/(-276))?
3
Suppose 0 = -2*p + 13 + 5. What is the units digit of 30/p*(-2 - -5)?
0
Let q(v) = -v**3 + 12*v**2 + 6*v - 11. Let w(o) = o**2 + o - 1. Let c(p) = -q(p) + 6*w(p). Let l = -8 - -14. What is the units digit of c(l)?
5
Let i(n) = -n - 3. Let o = 14 - 9. Let j(m) = m + 2. Let c(u) = o*j(u) + 3*i(u). What is the units digit of c(3)?
7
Let v(f) = -f**2 + 7*f + 10. Let m be v(8). Suppose 2*z + m*z + 76 = 0. Let y = z + 32. What is the units digit of y?
3
Let b be 6/8*(-48)/(-4). What is the tens digit of b/1 + 1 + 0?
1
Let d = -64 + 94. Suppose 0*h + d = 3*h. What is the units digit of h?
0
Let s(m) = -m + 4. Let b(x) = -x - 8. Let r be b(-8). Let y = -5 + r. What is the units digit of s(y)?
9
Let w(o) = -o**3 + 6*o**2 + 5*o + 20. What is the units digit of w(7)?
6
Let r be -1*2/(-4)*0. Suppose 0*s + 2*s = 0. Suppose r = -s*w - w + 9. What is the units digit of w?
9
Let w = -9 + 13. What is the tens digit of ((-10)/w)/((-2)/12)?
1
Let r(x) = -x**2 - 9